1. Determine l(-6).
-5
Let g(j) = j**3 + 58*j**2 - 122*j - 122. What is g(-60)?
-2
Let u(f) = f**2 - 8*f + 26. Give u(9).
35
Let t(f) = -f - 8. Calculate t(0).
-8
Let f(z) = z**2 + z - 17. Determine f(-6).
13
Let d(l) = -l**2 + 13*l - 25. Calculate d(9).
11
Let l(p) = p**3 + 9*p**2 - 8*p + 8. Calculate l(-10).
-12
Let q(a) = 3*a**2 + 19*a + 2. What is q(-6)?
-4
Let o(g) = 19*g + 175. Determine o(-9).
4
Let x(u) = -u + 27. Determine x(0).
27
Let f(h) = -h**2 - 11*h. Determine f(-7).
28
Let v(b) = -3*b + 12. Determine v(0).
12
Let b(v) = 2*v**2 - 14*v + 16. Determine b(4).
-8
Let w(m) = 3*m + 89. Give w(-31).
-4
Let l(j) = -2*j**3 + j**2. Calculate l(2).
-12
Let l(b) = b**2 + b + 4. Calculate l(6).
46
Let i(p) = -p**3 - 14*p**2 - 37*p - 13. Give i(-3).
-1
Let k(b) = -18*b - 70. Determine k(-4).
2
Let a(o) = o**3 + 11*o**2 - 13*o + 20. Give a(-12).
32
Let g(k) = -k**2 - 11*k + 3. What is g(-9)?
21
Let c(j) = -j + 16. Calculate c(12).
4
Let v(w) = w**3 - 11*w**2 - w - 12. Determine v(11).
-23
Let p(n) = n**2 + 3. Give p(-3).
12
Let u(o) = -4*o**3 + 3*o**2 + o - 3. Calculate u(2).
-21
Let a(m) = 3*m + 12. What is a(-2)?
6
Let h(s) = -s**2 + s - 15. Give h(0).
-15
Let r(m) = -m**2 + 17*m - 40. Give r(14).
2
Let c(d) = -10*d**2 - 25*d - 7. Give c(-6).
-217
Let v(h) = -h**3 - 6*h**2 - 8*h - 6. Determine v(-5).
9
Let j(m) = -26*m + 200. Calculate j(8).
-8
Let g(m) = -m**2 + 5*m + 3. Calculate g(4).
7
Let u(f) = -5*f - 15. Determine u(-3).
0
Let c(z) = 3*z - 39. Determine c(12).
-3
Let o(g) = -g**2 + 14*g - 9. What is o(5)?
36
Let x(n) = 2*n - 17. What is x(16)?
15
Let v(y) = y**3 - 12*y**2 - 11*y - 34. What is v(13)?
-8
Let f(g) = -4*g - 2. Determine f(-2).
6
Let a(h) = -4*h + 18. Determine a(11).
-26
Let q(a) = 19*a**2 + 6*a + 24. Give q(-3).
177
Let s(d) = 4*d - 6. Give s(-4).
-22
Let i(g) = -g**2 - 18*g - 35. Give i(-19).
-54
Let b(y) = y**3 + 7*y**2 - 36*y - 10. Determine b(-10).
50
Let h(l) = -6*l + 42. What is h(12)?
-30
Let w(i) = -i**2 + 7*i + 60. Determine w(12).
0
Let o(s) = -13*s + 57. What is o(7)?
-34
Let r(q) = -8*q**2 + 8*q - 3. Give r(4).
-99
Let h(k) = k**3 - 4*k**2 - k + 5. Determine h(4).
1
Let m(p) = p**3 + 14*p**2 + p + 15. Give m(-14).
1
Let o(s) = s**3 + 6*s**2 + 4*s + 6. Calculate o(-6).
-18
Let q(k) = -k**3 + 7*k**2 + 9*k + 9. Calculate q(8).
17
Let j(q) = -4*q + 153. Calculate j(29).
37
Let n(i) = -i**3 - 3*i**2 - 2*i + 1. Determine n(-2).
1
Let y(p) = 22*p - 25. Determine y(3).
41
Let x(o) = -79*o + 470. Give x(6).
-4
Let j(l) = -36*l + 194. Determine j(6).
-22
Let c(i) = -i**3 + 5*i**2 - 2*i - 4. Determine c(2).
4
Let x(r) = r**3 - 6*r**2 - 9*r + 3. Calculate x(7).
-11
Let o(q) = q**2 + 13*q - 42. What is o(-15)?
-12
Let l(b) = -b**2 - 5*b - 7. Calculate l(-5).
-7
Let a(x) = -8*x + 67. Calculate a(-9).
139
Let l(q) = 49*q + 20. What is l(-2)?
-78
Let l(t) = -t + 5. What is l(0)?
5
Let m(d) = -2*d**3 - d**2 + 7*d - 1. Calculate m(2).
-7
Let y(h) = -h**2 + 7. Calculate y(-3).
-2
Let n(g) = 40*g + 634. Determine n(-16).
-6
Let o(q) = -3*q**3 - 36*q**2 + 37*q - 27. Give o(-13).
-1
Let k(q) = 3*q + 62. What is k(-17)?
11
Let u(j) = -j + 8. Give u(9).
-1
Let o(m) = m**2 - 6*m + 2. Calculate o(6).
2
Let j(t) = -t**3 + 2*t**2 + 6*t - 11. Give j(3).
-2
Let p(d) = d**3 + 4*d**2 - d - 2. Give p(-3).
10
Let s(v) = -2*v**3 - 10*v**2 + 2*v - 12. Give s(-5).
-22
Let w(l) = -l**3 + 14*l**2 + 34*l - 40. Give w(16).
-8
Let d(x) = 4*x**2 + 4*x - 1. What is d(-5)?
79
Let j(w) = -w - 1. Give j(2).
-3
Let j(a) = a**2 - 10*a - 11. Calculate j(12).
13
Let q(i) = -7*i - 15. What is q(1)?
-22
Let b(a) = 3*a - 16. Determine b(14).
26
Let f(y) = -y**2 - 16*y + 24. Calculate f(-18).
-12
Let q(c) = c + 5. What is q(11)?
16
Let y(r) = 2*r**2 + 29*r - 67. Calculate y(-16).
-19
Let o(c) = c**3 + 27*c**2 + c + 26. Determine o(-27).
-1
Let t(s) = s**3 + 10*s**2 - 4. Give t(-8).
124
Let j(n) = n**3 - 17*n**2 + n + 10. What is j(17)?
27
Let b(c) = -c**3 + 8*c**2 + 10*c - 2. Give b(9).
7
Let k(n) = 8*n - 5. Determine k(4).
27
Let r(j) = -j**3 + 4*j**2 + 5. Determine r(4).
5
Let v(x) = 5*x**2 - 2*x + 12. What is v(0)?
12
Let j(a) = 4*a - 20. Determine j(6).
4
Let q(g) = -g - 5. Determine q(6).
-11
Let r(o) = 2*o**2 - 2*o + 107. Calculate r(0).
107
Let q(f) = 2*f**3 - 51*f**2 + 25*f + 16. Determine q(25).
16
Let z(h) = -h**2 - 9*h + 3. Calculate z(-8).
11
Let c(h) = -h**2 - 4*h + 35. What is c(-8)?
3
Let x(l) = l - 2. Determine x(7).
5
Let c(b) = -4*b**3 - 21*b**2 + 11*b - 23. Give c(-6).
19
Let f(x) = 42*x + 78. Calculate f(-2).
-6
Let q(z) = z**2 - 4*z + 9. Determine q(5).
14
Let c(n) = -n**3 + 14*n**2 + n - 20. Calculate c(14).
-6
Let t(k) = -k**3 + 8*k**2 + 2*k. Give t(8).
16
Let m(c) = -6*c + 1. What is m(-1)?
7
Let i(t) = -t**3 - 17*t**2 - 13*t + 41. Determine i(-16).
-7
Let m(v) = -v**2 - 11*v - 34. What is m(-8)?
-10
Let w(s) = -3*s**2 + 5*s + 5. Determine w(6).
-73
Let w(p) = p**3 - 2*p**2 + 1. Determine w(1).
0
Let j(w) = 4*w**3 - 92*w**2 - w + 27. Determine j(23).
4
Let h(v) = v**3 + 26*v**2 + 24*v - 31. Determine h(-25).
-6
Let i(s) = s**3 - 5*s**2 - 5*s - 11. What is i(6)?
-5
Let r(b) = -67*b + 145. What is r(2)?
11
Let s(x) = 9*x + 6. Calculate s(-4).
-30
Let w(a) = 10*a**2 - 2*a + 2. What is w(2)?
38
Let q(c) = -3*c + 18. Calculate q(-16).
66
Let t(f) = f**3 + 7*f**2 - 9*f + 7. Calculate t(-8).
15
Let p(q) = q**2 + q - 6. Determine p(-4).
6
Let a(b) = b**3 - 24*b**2 + 4. Give a(24).
4
Let l(n) = -n**3 - 9*n**2 - 4*n + 5. Calculate l(-8).
-27
Let v(o) = -o**3 + 11*o**2 - 3*o - 7. Give v(10).
63
Let z(m) = m**2 - 11. Determine z(0).
-11
Let f(k) = -k**2 - 13*k - 34. What is f(-10)?
-4
Let f(n) = -n**3 - 11*n**2 + 14*n + 10. Calculate f(-12).
-14
Let d(y) = -y**3 + 19*y**2 + 40*y + 44. What is d(21)?
2
Let v(j) = j**2 - 8*j + 17. Determine v(7).
10
Let s(l) = -2*l**3 - 14*l**2 - 8. Give s(-7).
-8
Let l(a) = -48*a + 175. Determine l(5).
-65
Let j(a) = -16*a + 1. Calculate j(6).
-95
Let k(s) = 2*s - 1. Give k(0).
-1
Let c(h) = -4*h - 57. Calculate c(-14).
-1
Let a(y) = -y - 10. Calculate a(-2).
-8
Let y(f) = f + 71. Calculate y(-62).
9
Let k(i) = 5*i + 1. Give k(-4).
-19
Let d(o) = -o**3 - 7*o**2 - 4*o + 1. Determine d(-6).
-11
Let a(m) = -34*m - 105. Give a(-3).
-3
Let y(i) = -5*i - 6. Calculate y(-2).
4
Let f(k) = k**2 - 8*k + 4. Give f(3).
-11
Let y(i) = i**2 - 10*i + 10. Determine y(10).
10
Let f(p) = -p**2 + 2*p - 8. Give f(0).
-8
Let b(w) = w**3 + 2*w**2 + 3*w + 1. Calculate b(-2).
-5
Let r(x) = x**2 + 99*x - 969. What is r(9)?
3
Let b(j) = 4*j**2 - 3*j - 3. Give b(-2).
19
Let d(f) = f + 3. Determine d(0).
3
Let z(m) = 12*m - 133. Give z(11).
-1
Let r(u) = -u + 11. What is r(12)?
-1
Let s(f) = f**3 + 8*f**2 + 8*f + 11. What is s(-7)?
4
Let c(x) = -x**3 - 22*x**2 - 19*x + 42. Calculate c(-21).
0
Let f(x) = -11*x - 53. Give f(-5).
2
Let n(y) = -y - 1. Calculate n(3).
-4
Let s(c) = -c + 1. What is s(4)?
-3
Let a(l) = 4*l - 10. Calculate a(5).
10
Let s(j) = -j**3 + 14*j**2 + 11*j + 72. Calculate s(15).
12
Let r(h) = -h**3 - 6*h**2 - 10*h - 3. Determine r(4).
-203
Let d(s) = 15*s - 33. Determine d(2).
-3
Let v(g) = -g**3 + 5*g**2 - 8*g + 32. Calculate v(3).
26
Let b(d) = 5*d**3 + 2*d**2 - 2*d + 1. What is b(1)?
6
Let d(g) = -19*g + 24. Calculate d(2).
-14
Let z(d) = 4*d**2 - 113*d + 141. What is z(27)?
6
Let u(o) = -27*o + 2. Give u(1).
-25
Let r(w) = 5*w. Determine r(1).
5
Let p(f) = f**3 - 8*f**2 + f - 1. Give p(8).
7
Let o(r) = -3*r - 93. What is o(-31)?
0
Let t(g) = g**3 - 9*g - 2. Determine t(3).
-2
Let f(j) = -j**2 - 14*j - 1. Calculate f(-11).
32
Let z(o) = -12*o - 15. What is z(-6)?
57
Let w(b) = -b**2 + 14*b - 24. Calculate w(16).
-56
Let b(z) = 47*z - 38. Determine b(1).
9
Let l(b) = -b**2 - 4*b - 6. Calculate l(-4).
-6
Let j(g) = -7*g**2 - g - 1. Calculate j(-2).
-27
Let t(p) = -p**2 + 35*p - 124. Determine t(4).
0
Let j(i) = -i**2 - 5*i + 2. What is j(-4)?
6
Let j(r) = 12*r**2. Give j(-3).
108
Let i(b) = -10*b - 55. What is i(-6)?
5
Let i(l) = l**3 - 2*l**2 - 3*l + 3. Calculate i(2).
-3
Let k(w) = -w**2 + 6*w + 2. Calculate k(-6).
-70
Let y(n) = n**3 - 6*n**2 - 2*n + 6. Calculate y(6).
-6
Let u(r) = -5*r**3 + 3*r - 2. Calculate u(1).
-4
Let c(w) = 2*w - 10. Calculate c(-2).
-14
Let a(n) = -8*n + 74. What is a(13)?
-30
Let p(y) = y**2 + 